{"id":76018,"date":"2024-09-02T09:08:14","date_gmt":"2024-09-02T09:08:14","guid":{"rendered":"https:\/\/flebi.com\/producto\/panier-noir-avant-pour-adaptateur-klickfix-caddy-ou-standard\/"},"modified":"2025-05-28T15:57:40","modified_gmt":"2025-05-28T15:57:40","slug":"panier-noir-avant-pour-adaptateur-klickfix-caddy-ou-standard","status":"publish","type":"product","link":"https:\/\/flebi.com\/fr\/producto\/panier-noir-avant-pour-adaptateur-klickfix-caddy-ou-standard\/","title":{"rendered":"Panier noir avant pour adaptateur Klickfix Caddy ou standard"},"content":{"rendered":"<div class=\"product-short-description\">\n<div id=\"stcpDiv\">\n<p>Le panier maill\u00e9 le plus populaire, avec une poign\u00e9e tr\u00e8s pratique pour le transporter et une surface recouverte. Forme classique haute. Couleur noire. Compatible avec la Flebi Supra et la Flebi Evo.<\/p>\n<ul>\n<li>Dimensions : 35x26x25 cm<\/li>\n<li>Poids : 1 kg<\/li>\n<li>Capacit\u00e9 de charge : 16 L<\/li>\n<li>Poids maximum : 7 kg<\/li>\n<\/ul>\n<p>&nbsp;<\/p>\n<div style=\"position: relative; height: 0; padding-bottom: 56.25%;\"><iframe style=\"position: absolute; left: 0;\" src=\"\/\/www.youtube.com\/embed\/d4jiRB6nuCM?ecver=2\" width=\"640\" height=\"360\" frameborder=\"0\" allowfullscreen=\"allowfullscreen\" data-mce-fragment=\"1\"><\/iframe><\/div>\n<\/div>\n<\/div>\n","protected":false},"excerpt":{"rendered":"<p>&nbsp;<\/p>\n<div class=\"fancybox-hidden\" style=\"display: none;\">\n<div id=\"contact_form_pop\">[contact-form-7 id=\u00a0\u00bb28144&Prime; title=\u00a0\u00bbFormulaire de question sur le produit\u00a0\u00bb]<\/div>\n<\/div>\n","protected":false},"featured_media":64619,"comment_status":"closed","ping_status":"closed","template":"","meta":[],"product_brand":[],"product_cat":[876,924,925,934,887],"product_tag":[1029,1030,1027,1025,1028,1024],"class_list":{"0":"post-76018","1":"product","2":"type-product","3":"status-publish","4":"has-post-thumbnail","6":"product_cat-accessoires","7":"product_cat-accessoires-supra","8":"product_cat-accessoires-swan","9":"product_cat-eolo-accesorios","10":"product_cat-paniers","11":"product_tag-adaptateur-caddy","12":"product_tag-caddy-fr","13":"product_tag-klickfix-fr","14":"product_tag-paniers-de-velo","15":"product_tag-porte-bagages-de-velo","16":"product_tag-sacs-de-velo","17":"product_shipping_class-gastos-de-envio-accesorios-fr","19":"first","20":"outofstock","21":"shipping-taxable","22":"purchasable","23":"product-type-simple"},"yoast_head":"<!-- This site is optimized with the Yoast SEO plugin v26.5 - https:\/\/yoast.com\/wordpress\/plugins\/seo\/ -->\n<title>Panier avant noir pour adaptateur Klickfix Caddy ou standard | Flebi<\/title>\n<meta name=\"description\" content=\"Le panier en maille le plus populaire, avec une poign\u00e9e tr\u00e8s pratique pour le transporter et une surface rev\u00eatue. Compatible avec Flebi Supra et Flebi Evo.\" \/>\n<meta name=\"robots\" content=\"index, follow, max-snippet:-1, max-image-preview:large, max-video-preview:-1\" \/>\n<link rel=\"canonical\" href=\"https:\/\/flebi.com\/fr\/producto\/panier-noir-avant-pour-adaptateur-klickfix-caddy-ou-standard\/\" \/>\n<meta property=\"og:locale\" content=\"fr_FR\" \/>\n<meta property=\"og:type\" content=\"article\" \/>\n<meta property=\"og:title\" content=\"Sac Flebi Evo | Flebi, v\u00e9los \u00e9lectriques et pliables\" \/>\n<meta property=\"og:description\" content=\"Le sac Flebi Evo est un sac de transport convertible en sac \u00e0 dos pour porter la Flebi Evo pli\u00e9e sur votre dos ou pendant vos voyages.\" \/>\n<meta property=\"og:url\" content=\"https:\/\/flebi.com\/fr\/producto\/panier-noir-avant-pour-adaptateur-klickfix-caddy-ou-standard\/\" \/>\n<meta property=\"og:site_name\" content=\"Flebi\" \/>\n<meta property=\"article:modified_time\" content=\"2025-05-28T15:57:40+00:00\" \/>\n<meta property=\"og:image\" content=\"http:\/\/www.flebi.com\/wp-content\/uploads\/2015\/10\/IMG_5241.png\" \/>\n<meta name=\"twitter:card\" content=\"summary_large_image\" \/>\n<meta name=\"twitter:title\" content=\"Sac Flebi Evo | Flebi, v\u00e9los \u00e9lectriques et pliables\" \/>\n<meta name=\"twitter:description\" content=\"Le sac Flebi Evo est un sac de transport convertible en sac \u00e0 dos pour porter la Flebi Evo pli\u00e9e sur votre dos ou pendant vos voyages.\" \/>\n<meta name=\"twitter:image\" content=\"http:\/\/www.flebi.com\/wp-content\/uploads\/2015\/10\/IMG_5241.png\" \/>\n<meta name=\"twitter:label1\" content=\"Dur\u00e9e de lecture estim\u00e9e\" \/>\n\t<meta name=\"twitter:data1\" content=\"1 minute\" \/>\n<script type=\"application\/ld+json\" class=\"yoast-schema-graph\">{\"@context\":\"https:\/\/schema.org\",\"@graph\":[{\"@type\":\"WebPage\",\"@id\":\"https:\/\/flebi.com\/fr\/producto\/panier-noir-avant-pour-adaptateur-klickfix-caddy-ou-standard\/\",\"url\":\"https:\/\/flebi.com\/fr\/producto\/panier-noir-avant-pour-adaptateur-klickfix-caddy-ou-standard\/\",\"name\":\"Panier avant noir pour adaptateur Klickfix Caddy ou standard | Flebi\",\"isPartOf\":{\"@id\":\"https:\/\/flebi.com\/fr\/#website\"},\"primaryImageOfPage\":{\"@id\":\"https:\/\/flebi.com\/fr\/producto\/panier-noir-avant-pour-adaptateur-klickfix-caddy-ou-standard\/#primaryimage\"},\"image\":{\"@id\":\"https:\/\/flebi.com\/fr\/producto\/panier-noir-avant-pour-adaptateur-klickfix-caddy-ou-standard\/#primaryimage\"},\"thumbnailUrl\":\"https:\/\/flebi.com\/wp-content\/uploads\/2024\/07\/cesta-1.png\",\"datePublished\":\"2024-09-02T09:08:14+00:00\",\"dateModified\":\"2025-05-28T15:57:40+00:00\",\"description\":\"Le panier en maille le plus populaire, avec une poign\u00e9e tr\u00e8s pratique pour le transporter et une surface rev\u00eatue. Compatible avec Flebi Supra et Flebi Evo.\",\"breadcrumb\":{\"@id\":\"https:\/\/flebi.com\/fr\/producto\/panier-noir-avant-pour-adaptateur-klickfix-caddy-ou-standard\/#breadcrumb\"},\"inLanguage\":\"fr-FR\",\"potentialAction\":[{\"@type\":\"ReadAction\",\"target\":[\"https:\/\/flebi.com\/fr\/producto\/panier-noir-avant-pour-adaptateur-klickfix-caddy-ou-standard\/\"]}]},{\"@type\":\"ImageObject\",\"inLanguage\":\"fr-FR\",\"@id\":\"https:\/\/flebi.com\/fr\/producto\/panier-noir-avant-pour-adaptateur-klickfix-caddy-ou-standard\/#primaryimage\",\"url\":\"https:\/\/flebi.com\/wp-content\/uploads\/2024\/07\/cesta-1.png\",\"contentUrl\":\"https:\/\/flebi.com\/wp-content\/uploads\/2024\/07\/cesta-1.png\",\"width\":500,\"height\":500,\"caption\":\"cesta bicicleta\"},{\"@type\":\"BreadcrumbList\",\"@id\":\"https:\/\/flebi.com\/fr\/producto\/panier-noir-avant-pour-adaptateur-klickfix-caddy-ou-standard\/#breadcrumb\",\"itemListElement\":[{\"@type\":\"ListItem\",\"position\":1,\"name\":\"Portada\",\"item\":\"https:\/\/flebi.com\/fr\/inicio\/\"},{\"@type\":\"ListItem\",\"position\":2,\"name\":\"Boutique\",\"item\":\"https:\/\/flebi.com\/fr\/boutique\/\"},{\"@type\":\"ListItem\",\"position\":3,\"name\":\"Panier noir avant pour adaptateur Klickfix Caddy ou standard\"}]},{\"@type\":\"WebSite\",\"@id\":\"https:\/\/flebi.com\/fr\/#website\",\"url\":\"https:\/\/flebi.com\/fr\/\",\"name\":\"Flebi\",\"description\":\"Bicicletas el\u00e9ctricas plegables y ligeras\",\"potentialAction\":[{\"@type\":\"SearchAction\",\"target\":{\"@type\":\"EntryPoint\",\"urlTemplate\":\"https:\/\/flebi.com\/fr\/?s={search_term_string}\"},\"query-input\":{\"@type\":\"PropertyValueSpecification\",\"valueRequired\":true,\"valueName\":\"search_term_string\"}}],\"inLanguage\":\"fr-FR\"}]}<\/script>\n<!-- \/ Yoast SEO plugin. -->","yoast_head_json":{"title":"Panier avant noir pour adaptateur Klickfix Caddy ou standard | Flebi","description":"Le panier en maille le plus populaire, avec une poign\u00e9e tr\u00e8s pratique pour le transporter et une surface rev\u00eatue. Compatible avec Flebi Supra et Flebi Evo.","robots":{"index":"index","follow":"follow","max-snippet":"max-snippet:-1","max-image-preview":"max-image-preview:large","max-video-preview":"max-video-preview:-1"},"canonical":"https:\/\/flebi.com\/fr\/producto\/panier-noir-avant-pour-adaptateur-klickfix-caddy-ou-standard\/","og_locale":"fr_FR","og_type":"article","og_title":"Sac Flebi Evo | Flebi, v\u00e9los \u00e9lectriques et pliables","og_description":"Le sac Flebi Evo est un sac de transport convertible en sac \u00e0 dos pour porter la Flebi Evo pli\u00e9e sur votre dos ou pendant vos voyages.","og_url":"https:\/\/flebi.com\/fr\/producto\/panier-noir-avant-pour-adaptateur-klickfix-caddy-ou-standard\/","og_site_name":"Flebi","article_modified_time":"2025-05-28T15:57:40+00:00","og_image":[{"url":"http:\/\/www.flebi.com\/wp-content\/uploads\/2015\/10\/IMG_5241.png","type":"","width":"","height":""}],"twitter_card":"summary_large_image","twitter_title":"Sac Flebi Evo | Flebi, v\u00e9los \u00e9lectriques et pliables","twitter_description":"Le sac Flebi Evo est un sac de transport convertible en sac \u00e0 dos pour porter la Flebi Evo pli\u00e9e sur votre dos ou pendant vos voyages.","twitter_image":"http:\/\/www.flebi.com\/wp-content\/uploads\/2015\/10\/IMG_5241.png","twitter_misc":{"Dur\u00e9e de lecture estim\u00e9e":"1 minute"},"schema":{"@context":"https:\/\/schema.org","@graph":[{"@type":"WebPage","@id":"https:\/\/flebi.com\/fr\/producto\/panier-noir-avant-pour-adaptateur-klickfix-caddy-ou-standard\/","url":"https:\/\/flebi.com\/fr\/producto\/panier-noir-avant-pour-adaptateur-klickfix-caddy-ou-standard\/","name":"Panier avant noir pour adaptateur Klickfix Caddy ou standard | Flebi","isPartOf":{"@id":"https:\/\/flebi.com\/fr\/#website"},"primaryImageOfPage":{"@id":"https:\/\/flebi.com\/fr\/producto\/panier-noir-avant-pour-adaptateur-klickfix-caddy-ou-standard\/#primaryimage"},"image":{"@id":"https:\/\/flebi.com\/fr\/producto\/panier-noir-avant-pour-adaptateur-klickfix-caddy-ou-standard\/#primaryimage"},"thumbnailUrl":"https:\/\/flebi.com\/wp-content\/uploads\/2024\/07\/cesta-1.png","datePublished":"2024-09-02T09:08:14+00:00","dateModified":"2025-05-28T15:57:40+00:00","description":"Le panier en maille le plus populaire, avec une poign\u00e9e tr\u00e8s pratique pour le transporter et une surface rev\u00eatue. Compatible avec Flebi Supra et Flebi Evo.","breadcrumb":{"@id":"https:\/\/flebi.com\/fr\/producto\/panier-noir-avant-pour-adaptateur-klickfix-caddy-ou-standard\/#breadcrumb"},"inLanguage":"fr-FR","potentialAction":[{"@type":"ReadAction","target":["https:\/\/flebi.com\/fr\/producto\/panier-noir-avant-pour-adaptateur-klickfix-caddy-ou-standard\/"]}]},{"@type":"ImageObject","inLanguage":"fr-FR","@id":"https:\/\/flebi.com\/fr\/producto\/panier-noir-avant-pour-adaptateur-klickfix-caddy-ou-standard\/#primaryimage","url":"https:\/\/flebi.com\/wp-content\/uploads\/2024\/07\/cesta-1.png","contentUrl":"https:\/\/flebi.com\/wp-content\/uploads\/2024\/07\/cesta-1.png","width":500,"height":500,"caption":"cesta bicicleta"},{"@type":"BreadcrumbList","@id":"https:\/\/flebi.com\/fr\/producto\/panier-noir-avant-pour-adaptateur-klickfix-caddy-ou-standard\/#breadcrumb","itemListElement":[{"@type":"ListItem","position":1,"name":"Portada","item":"https:\/\/flebi.com\/fr\/inicio\/"},{"@type":"ListItem","position":2,"name":"Boutique","item":"https:\/\/flebi.com\/fr\/boutique\/"},{"@type":"ListItem","position":3,"name":"Panier noir avant pour adaptateur Klickfix Caddy ou standard"}]},{"@type":"WebSite","@id":"https:\/\/flebi.com\/fr\/#website","url":"https:\/\/flebi.com\/fr\/","name":"Flebi","description":"Bicicletas el\u00e9ctricas plegables y ligeras","potentialAction":[{"@type":"SearchAction","target":{"@type":"EntryPoint","urlTemplate":"https:\/\/flebi.com\/fr\/?s={search_term_string}"},"query-input":{"@type":"PropertyValueSpecification","valueRequired":true,"valueName":"search_term_string"}}],"inLanguage":"fr-FR"}]}},"_links":{"self":[{"href":"https:\/\/flebi.com\/fr\/wp-json\/wp\/v2\/product\/76018","targetHints":{"allow":["GET"]}}],"collection":[{"href":"https:\/\/flebi.com\/fr\/wp-json\/wp\/v2\/product"}],"about":[{"href":"https:\/\/flebi.com\/fr\/wp-json\/wp\/v2\/types\/product"}],"replies":[{"embeddable":true,"href":"https:\/\/flebi.com\/fr\/wp-json\/wp\/v2\/comments?post=76018"}],"wp:featuredmedia":[{"embeddable":true,"href":"https:\/\/flebi.com\/fr\/wp-json\/wp\/v2\/media\/64619"}],"wp:attachment":[{"href":"https:\/\/flebi.com\/fr\/wp-json\/wp\/v2\/media?parent=76018"}],"wp:term":[{"taxonomy":"product_brand","embeddable":true,"href":"https:\/\/flebi.com\/fr\/wp-json\/wp\/v2\/product_brand?post=76018"},{"taxonomy":"product_cat","embeddable":true,"href":"https:\/\/flebi.com\/fr\/wp-json\/wp\/v2\/product_cat?post=76018"},{"taxonomy":"product_tag","embeddable":true,"href":"https:\/\/flebi.com\/fr\/wp-json\/wp\/v2\/product_tag?post=76018"}],"curies":[{"name":"wp","href":"https:\/\/api.w.org\/{rel}","templated":true}]}}

<div class="product-short-description">
<div id="stcpDiv">
<p>Le panier maillé le plus populaire, avec une poignée très pratique pour le transporter et une surface recouverte. Forme classique haute. Couleur noire. Compatible avec la Flebi Supra et la Flebi Evo.</p>
<ul>
<li>Dimensions : 35x26x25 cm</li>
<li>Poids : 1 kg</li>
<li>Capacité de charge : 16 L</li>
<li>Poids maximum : 7 kg</li>
</ul>
<p>&nbsp;</p>
<div style="position: relative; height: 0; padding-bottom: 56.25%;"><iframe style="position: absolute; left: 0;" src="//www.youtube.com/embed/d4jiRB6nuCM?ecver=2" width="640" height="360" frameborder="0" allowfullscreen="allowfullscreen" data-mce-fragment="1"></iframe></div>
</div>
</div>

<!-- This site is optimized with the Yoast SEO plugin v26.5 - https://yoast.com/wordpress/plugins/seo/ -->
<title>Panier avant noir pour adaptateur Klickfix Caddy ou standard | Flebi</title>
<meta name="description" content="Le panier en maille le plus populaire, avec une poignée très pratique pour le transporter et une surface revêtue. Compatible avec Flebi Supra et Flebi Evo." />
<meta name="robots" content="index, follow, max-snippet:-1, max-image-preview:large, max-video-preview:-1" />
<link rel="canonical" href="https://flebi.com/fr/producto/panier-noir-avant-pour-adaptateur-klickfix-caddy-ou-standard/" />
<meta property="og:locale" content="fr_FR" />
<meta property="og:type" content="article" />
<meta property="og:title" content="Sac Flebi Evo | Flebi, vélos électriques et pliables" />
<meta property="og:description" content="Le sac Flebi Evo est un sac de transport convertible en sac à dos pour porter la Flebi Evo pliée sur votre dos ou pendant vos voyages." />
<meta property="og:url" content="https://flebi.com/fr/producto/panier-noir-avant-pour-adaptateur-klickfix-caddy-ou-standard/" />
<meta property="og:site_name" content="Flebi" />
<meta property="article:modified_time" content="2025-05-28T15:57:40+00:00" />
<meta property="og:image" content="http://www.flebi.com/wp-content/uploads/2015/10/IMG_5241.png" />
<meta name="twitter:card" content="summary_large_image" />
<meta name="twitter:title" content="Sac Flebi Evo | Flebi, vélos électriques et pliables" />
<meta name="twitter:description" content="Le sac Flebi Evo est un sac de transport convertible en sac à dos pour porter la Flebi Evo pliée sur votre dos ou pendant vos voyages." />
<meta name="twitter:image" content="http://www.flebi.com/wp-content/uploads/2015/10/IMG_5241.png" />
<meta name="twitter:label1" content="Durée de lecture estimée" />
	<meta name="twitter:data1" content="1 minute" />
<script type="application/ld+json" class="yoast-schema-graph">{"@context":"https://schema.org","@graph":[{"@type":"WebPage","@id":"https://flebi.com/fr/producto/panier-noir-avant-pour-adaptateur-klickfix-caddy-ou-standard/","url":"https://flebi.com/fr/producto/panier-noir-avant-pour-adaptateur-klickfix-caddy-ou-standard/","name":"Panier avant noir pour adaptateur Klickfix Caddy ou standard | Flebi","isPartOf":{"@id":"https://flebi.com/fr/#website"},"primaryImageOfPage":{"@id":"https://flebi.com/fr/producto/panier-noir-avant-pour-adaptateur-klickfix-caddy-ou-standard/#primaryimage"},"image":{"@id":"https://flebi.com/fr/producto/panier-noir-avant-pour-adaptateur-klickfix-caddy-ou-standard/#primaryimage"},"thumbnailUrl":"https://flebi.com/wp-content/uploads/2024/07/cesta-1.png","datePublished":"2024-09-02T09:08:14+00:00","dateModified":"2025-05-28T15:57:40+00:00","description":"Le panier en maille le plus populaire, avec une poignée très pratique pour le transporter et une surface revêtue. Compatible avec Flebi Supra et Flebi Evo.","breadcrumb":{"@id":"https://flebi.com/fr/producto/panier-noir-avant-pour-adaptateur-klickfix-caddy-ou-standard/#breadcrumb"},"inLanguage":"fr-FR","potentialAction":[{"@type":"ReadAction","target":["https://flebi.com/fr/producto/panier-noir-avant-pour-adaptateur-klickfix-caddy-ou-standard/"]}]},{"@type":"ImageObject","inLanguage":"fr-FR","@id":"https://flebi.com/fr/producto/panier-noir-avant-pour-adaptateur-klickfix-caddy-ou-standard/#primaryimage","url":"https://flebi.com/wp-content/uploads/2024/07/cesta-1.png","contentUrl":"https://flebi.com/wp-content/uploads/2024/07/cesta-1.png","width":500,"height":500,"caption":"cesta bicicleta"},{"@type":"BreadcrumbList","@id":"https://flebi.com/fr/producto/panier-noir-avant-pour-adaptateur-klickfix-caddy-ou-standard/#breadcrumb","itemListElement":[{"@type":"ListItem","position":1,"name":"Portada","item":"https://flebi.com/fr/inicio/"},{"@type":"ListItem","position":2,"name":"Boutique","item":"https://flebi.com/fr/boutique/"},{"@type":"ListItem","position":3,"name":"Panier noir avant pour adaptateur Klickfix Caddy ou standard"}]},{"@type":"WebSite","@id":"https://flebi.com/fr/#website","url":"https://flebi.com/fr/","name":"Flebi","description":"Bicicletas eléctricas plegables y ligeras","potentialAction":[{"@type":"SearchAction","target":{"@type":"EntryPoint","urlTemplate":"https://flebi.com/fr/?s={search_term_string}"},"query-input":{"@type":"PropertyValueSpecification","valueRequired":true,"valueName":"search_term_string"}}],"inLanguage":"fr-FR"}]}</script>
<!-- / Yoast SEO plugin. -->

Le panier en maille le plus populaire, avec une poignée très pratique pour le transporter et une surface revêtue. Compatible avec Flebi Supra et Flebi Evo.

Sac Flebi Evo | Flebi, vélos électriques et pliables

Le sac Flebi Evo est un sac de transport convertible en sac à dos pour porter la Flebi Evo pliée sur votre dos ou pendant vos voyages.

Bicicletas eléctricas plegables y ligeras
