{"id":75863,"date":"2024-09-02T09:08:41","date_gmt":"2024-09-02T09:08:41","guid":{"rendered":"https:\/\/flebi.com\/producto\/leviers-de-frein-avec-capteur\/"},"modified":"2025-05-08T08:58:39","modified_gmt":"2025-05-08T08:58:39","slug":"leviers-de-frein-avec-capteur","status":"publish","type":"product","link":"https:\/\/flebi.com\/fr\/producto\/leviers-de-frein-avec-capteur\/","title":{"rendered":"Leviers de frein avec capteur"},"content":{"rendered":"<p>Leviers de frein V-brake pour Supra Eco\/Supra 3.0 Lite avec capteur d&rsquo;arr\u00eat moteur, connexion \u00e0 2 broches, longueur approximative du c\u00e2ble 90 cm<\/p>\n","protected":false},"excerpt":{"rendered":"<p>Leviers de frein V-brake pour Supra Eco\/Supra 3.0 Lite avec capteur d&rsquo;arr\u00eat moteur, connexion \u00e0 2 broches, longueur approximative du c\u00e2ble 90 cm<\/p>\n","protected":false},"featured_media":65112,"comment_status":"closed","ping_status":"closed","template":"","meta":[],"product_brand":[],"product_cat":[1000,923,860],"product_tag":[1004,1001,1002,1003,1005,972],"class_list":{"0":"post-75863","1":"product","2":"type-product","3":"status-publish","4":"has-post-thumbnail","6":"product_cat-composants-electriques","7":"product_cat-supra-2-0-fr","8":"product_cat-supra-4-0-fr","9":"product_tag-capteur","10":"product_tag-ebike-fr","11":"product_tag-freins","12":"product_tag-leviers","13":"product_tag-v-brake-fr","14":"product_tag-velo-electrique","15":"product_shipping_class-gastos-de-envio-accesorios-fr","17":"first","18":"instock","19":"taxable","20":"shipping-taxable","21":"purchasable","22":"product-type-simple"},"yoast_head":"<!-- This site is optimized with the Yoast SEO plugin v26.5 - https:\/\/yoast.com\/wordpress\/plugins\/seo\/ -->\n<title>Leviers de frein avec capteur - v\u00e9los \u00e9lectriques | Flebi<\/title>\n<meta name=\"robots\" content=\"index, follow, max-snippet:-1, max-image-preview:large, max-video-preview:-1\" \/>\n<link rel=\"canonical\" href=\"https:\/\/flebi.com\/fr\/producto\/leviers-de-frein-avec-capteur\/\" \/>\n<meta property=\"og:locale\" content=\"fr_FR\" \/>\n<meta property=\"og:type\" content=\"article\" \/>\n<meta property=\"og:title\" content=\"Leviers de frein avec capteur - v\u00e9los \u00e9lectriques | Flebi\" \/>\n<meta property=\"og:description\" content=\"Leviers de frein V-brake pour Supra Eco\/Supra 3.0 Lite avec capteur d&rsquo;arr\u00eat moteur, connexion \u00e0 2 broches, longueur approximative du c\u00e2ble 90 cm\" \/>\n<meta property=\"og:url\" content=\"https:\/\/flebi.com\/fr\/producto\/leviers-de-frein-avec-capteur\/\" \/>\n<meta property=\"og:site_name\" content=\"Flebi\" \/>\n<meta property=\"article:modified_time\" content=\"2025-05-08T08:58:39+00:00\" \/>\n<meta property=\"og:image\" content=\"https:\/\/flebi.com\/wp-content\/uploads\/2024\/07\/s-l200-1.jpg\" \/>\n\t<meta property=\"og:image:width\" content=\"200\" \/>\n\t<meta property=\"og:image:height\" content=\"200\" \/>\n\t<meta property=\"og:image:type\" content=\"image\/jpeg\" \/>\n<meta name=\"twitter:card\" content=\"summary_large_image\" \/>\n<meta name=\"twitter:label1\" content=\"Dur\u00e9e de lecture estim\u00e9e\" \/>\n\t<meta name=\"twitter:data1\" content=\"1 minute\" \/>\n<script type=\"application\/ld+json\" class=\"yoast-schema-graph\">{\"@context\":\"https:\/\/schema.org\",\"@graph\":[{\"@type\":\"WebPage\",\"@id\":\"https:\/\/flebi.com\/fr\/producto\/leviers-de-frein-avec-capteur\/\",\"url\":\"https:\/\/flebi.com\/fr\/producto\/leviers-de-frein-avec-capteur\/\",\"name\":\"Leviers de frein avec capteur - v\u00e9los \u00e9lectriques | Flebi\",\"isPartOf\":{\"@id\":\"https:\/\/flebi.com\/fr\/#website\"},\"primaryImageOfPage\":{\"@id\":\"https:\/\/flebi.com\/fr\/producto\/leviers-de-frein-avec-capteur\/#primaryimage\"},\"image\":{\"@id\":\"https:\/\/flebi.com\/fr\/producto\/leviers-de-frein-avec-capteur\/#primaryimage\"},\"thumbnailUrl\":\"https:\/\/flebi.com\/wp-content\/uploads\/2024\/07\/s-l200-1.jpg\",\"datePublished\":\"2024-09-02T09:08:41+00:00\",\"dateModified\":\"2025-05-08T08:58:39+00:00\",\"breadcrumb\":{\"@id\":\"https:\/\/flebi.com\/fr\/producto\/leviers-de-frein-avec-capteur\/#breadcrumb\"},\"inLanguage\":\"fr-FR\",\"potentialAction\":[{\"@type\":\"ReadAction\",\"target\":[\"https:\/\/flebi.com\/fr\/producto\/leviers-de-frein-avec-capteur\/\"]}]},{\"@type\":\"ImageObject\",\"inLanguage\":\"fr-FR\",\"@id\":\"https:\/\/flebi.com\/fr\/producto\/leviers-de-frein-avec-capteur\/#primaryimage\",\"url\":\"https:\/\/flebi.com\/wp-content\/uploads\/2024\/07\/s-l200-1.jpg\",\"contentUrl\":\"https:\/\/flebi.com\/wp-content\/uploads\/2024\/07\/s-l200-1.jpg\",\"width\":200,\"height\":200},{\"@type\":\"BreadcrumbList\",\"@id\":\"https:\/\/flebi.com\/fr\/producto\/leviers-de-frein-avec-capteur\/#breadcrumb\",\"itemListElement\":[{\"@type\":\"ListItem\",\"position\":1,\"name\":\"Portada\",\"item\":\"https:\/\/flebi.com\/fr\/inicio\/\"},{\"@type\":\"ListItem\",\"position\":2,\"name\":\"Boutique\",\"item\":\"https:\/\/flebi.com\/fr\/boutique\/\"},{\"@type\":\"ListItem\",\"position\":3,\"name\":\"Leviers de frein avec capteur\"}]},{\"@type\":\"WebSite\",\"@id\":\"https:\/\/flebi.com\/fr\/#website\",\"url\":\"https:\/\/flebi.com\/fr\/\",\"name\":\"Flebi\",\"description\":\"Bicicletas el\u00e9ctricas plegables y ligeras\",\"potentialAction\":[{\"@type\":\"SearchAction\",\"target\":{\"@type\":\"EntryPoint\",\"urlTemplate\":\"https:\/\/flebi.com\/fr\/?s={search_term_string}\"},\"query-input\":{\"@type\":\"PropertyValueSpecification\",\"valueRequired\":true,\"valueName\":\"search_term_string\"}}],\"inLanguage\":\"fr-FR\"}]}<\/script>\n<!-- \/ Yoast SEO plugin. -->","yoast_head_json":{"title":"Leviers de frein avec capteur - v\u00e9los \u00e9lectriques | Flebi","robots":{"index":"index","follow":"follow","max-snippet":"max-snippet:-1","max-image-preview":"max-image-preview:large","max-video-preview":"max-video-preview:-1"},"canonical":"https:\/\/flebi.com\/fr\/producto\/leviers-de-frein-avec-capteur\/","og_locale":"fr_FR","og_type":"article","og_title":"Leviers de frein avec capteur - v\u00e9los \u00e9lectriques | Flebi","og_description":"Leviers de frein V-brake pour Supra Eco\/Supra 3.0 Lite avec capteur d&rsquo;arr\u00eat moteur, connexion \u00e0 2 broches, longueur approximative du c\u00e2ble 90 cm","og_url":"https:\/\/flebi.com\/fr\/producto\/leviers-de-frein-avec-capteur\/","og_site_name":"Flebi","article_modified_time":"2025-05-08T08:58:39+00:00","og_image":[{"width":200,"height":200,"url":"https:\/\/flebi.com\/wp-content\/uploads\/2024\/07\/s-l200-1.jpg","type":"image\/jpeg"}],"twitter_card":"summary_large_image","twitter_misc":{"Dur\u00e9e de lecture estim\u00e9e":"1 minute"},"schema":{"@context":"https:\/\/schema.org","@graph":[{"@type":"WebPage","@id":"https:\/\/flebi.com\/fr\/producto\/leviers-de-frein-avec-capteur\/","url":"https:\/\/flebi.com\/fr\/producto\/leviers-de-frein-avec-capteur\/","name":"Leviers de frein avec capteur - v\u00e9los \u00e9lectriques | Flebi","isPartOf":{"@id":"https:\/\/flebi.com\/fr\/#website"},"primaryImageOfPage":{"@id":"https:\/\/flebi.com\/fr\/producto\/leviers-de-frein-avec-capteur\/#primaryimage"},"image":{"@id":"https:\/\/flebi.com\/fr\/producto\/leviers-de-frein-avec-capteur\/#primaryimage"},"thumbnailUrl":"https:\/\/flebi.com\/wp-content\/uploads\/2024\/07\/s-l200-1.jpg","datePublished":"2024-09-02T09:08:41+00:00","dateModified":"2025-05-08T08:58:39+00:00","breadcrumb":{"@id":"https:\/\/flebi.com\/fr\/producto\/leviers-de-frein-avec-capteur\/#breadcrumb"},"inLanguage":"fr-FR","potentialAction":[{"@type":"ReadAction","target":["https:\/\/flebi.com\/fr\/producto\/leviers-de-frein-avec-capteur\/"]}]},{"@type":"ImageObject","inLanguage":"fr-FR","@id":"https:\/\/flebi.com\/fr\/producto\/leviers-de-frein-avec-capteur\/#primaryimage","url":"https:\/\/flebi.com\/wp-content\/uploads\/2024\/07\/s-l200-1.jpg","contentUrl":"https:\/\/flebi.com\/wp-content\/uploads\/2024\/07\/s-l200-1.jpg","width":200,"height":200},{"@type":"BreadcrumbList","@id":"https:\/\/flebi.com\/fr\/producto\/leviers-de-frein-avec-capteur\/#breadcrumb","itemListElement":[{"@type":"ListItem","position":1,"name":"Portada","item":"https:\/\/flebi.com\/fr\/inicio\/"},{"@type":"ListItem","position":2,"name":"Boutique","item":"https:\/\/flebi.com\/fr\/boutique\/"},{"@type":"ListItem","position":3,"name":"Leviers de frein avec capteur"}]},{"@type":"WebSite","@id":"https:\/\/flebi.com\/fr\/#website","url":"https:\/\/flebi.com\/fr\/","name":"Flebi","description":"Bicicletas el\u00e9ctricas plegables y ligeras","potentialAction":[{"@type":"SearchAction","target":{"@type":"EntryPoint","urlTemplate":"https:\/\/flebi.com\/fr\/?s={search_term_string}"},"query-input":{"@type":"PropertyValueSpecification","valueRequired":true,"valueName":"search_term_string"}}],"inLanguage":"fr-FR"}]}},"_links":{"self":[{"href":"https:\/\/flebi.com\/fr\/wp-json\/wp\/v2\/product\/75863","targetHints":{"allow":["GET"]}}],"collection":[{"href":"https:\/\/flebi.com\/fr\/wp-json\/wp\/v2\/product"}],"about":[{"href":"https:\/\/flebi.com\/fr\/wp-json\/wp\/v2\/types\/product"}],"replies":[{"embeddable":true,"href":"https:\/\/flebi.com\/fr\/wp-json\/wp\/v2\/comments?post=75863"}],"wp:featuredmedia":[{"embeddable":true,"href":"https:\/\/flebi.com\/fr\/wp-json\/wp\/v2\/media\/65112"}],"wp:attachment":[{"href":"https:\/\/flebi.com\/fr\/wp-json\/wp\/v2\/media?parent=75863"}],"wp:term":[{"taxonomy":"product_brand","embeddable":true,"href":"https:\/\/flebi.com\/fr\/wp-json\/wp\/v2\/product_brand?post=75863"},{"taxonomy":"product_cat","embeddable":true,"href":"https:\/\/flebi.com\/fr\/wp-json\/wp\/v2\/product_cat?post=75863"},{"taxonomy":"product_tag","embeddable":true,"href":"https:\/\/flebi.com\/fr\/wp-json\/wp\/v2\/product_tag?post=75863"}],"curies":[{"name":"wp","href":"https:\/\/api.w.org\/{rel}","templated":true}]}}

<p>Leviers de frein V-brake pour Supra Eco/Supra 3.0 Lite avec capteur d&rsquo;arrêt moteur, connexion à 2 broches, longueur approximative du câble 90 cm</p>

<!-- This site is optimized with the Yoast SEO plugin v26.5 - https://yoast.com/wordpress/plugins/seo/ -->
<title>Leviers de frein avec capteur - vélos électriques | Flebi</title>
<meta name="robots" content="index, follow, max-snippet:-1, max-image-preview:large, max-video-preview:-1" />
<link rel="canonical" href="https://flebi.com/fr/producto/leviers-de-frein-avec-capteur/" />
<meta property="og:locale" content="fr_FR" />
<meta property="og:type" content="article" />
<meta property="og:title" content="Leviers de frein avec capteur - vélos électriques | Flebi" />
<meta property="og:description" content="Leviers de frein V-brake pour Supra Eco/Supra 3.0 Lite avec capteur d&rsquo;arrêt moteur, connexion à 2 broches, longueur approximative du câble 90 cm" />
<meta property="og:url" content="https://flebi.com/fr/producto/leviers-de-frein-avec-capteur/" />
<meta property="og:site_name" content="Flebi" />
<meta property="article:modified_time" content="2025-05-08T08:58:39+00:00" />
<meta property="og:image" content="https://flebi.com/wp-content/uploads/2024/07/s-l200-1.jpg" />
	<meta property="og:image:width" content="200" />
	<meta property="og:image:height" content="200" />
	<meta property="og:image:type" content="image/jpeg" />
<meta name="twitter:card" content="summary_large_image" />
<meta name="twitter:label1" content="Durée de lecture estimée" />
	<meta name="twitter:data1" content="1 minute" />
<script type="application/ld+json" class="yoast-schema-graph">{"@context":"https://schema.org","@graph":[{"@type":"WebPage","@id":"https://flebi.com/fr/producto/leviers-de-frein-avec-capteur/","url":"https://flebi.com/fr/producto/leviers-de-frein-avec-capteur/","name":"Leviers de frein avec capteur - vélos électriques | Flebi","isPartOf":{"@id":"https://flebi.com/fr/#website"},"primaryImageOfPage":{"@id":"https://flebi.com/fr/producto/leviers-de-frein-avec-capteur/#primaryimage"},"image":{"@id":"https://flebi.com/fr/producto/leviers-de-frein-avec-capteur/#primaryimage"},"thumbnailUrl":"https://flebi.com/wp-content/uploads/2024/07/s-l200-1.jpg","datePublished":"2024-09-02T09:08:41+00:00","dateModified":"2025-05-08T08:58:39+00:00","breadcrumb":{"@id":"https://flebi.com/fr/producto/leviers-de-frein-avec-capteur/#breadcrumb"},"inLanguage":"fr-FR","potentialAction":[{"@type":"ReadAction","target":["https://flebi.com/fr/producto/leviers-de-frein-avec-capteur/"]}]},{"@type":"ImageObject","inLanguage":"fr-FR","@id":"https://flebi.com/fr/producto/leviers-de-frein-avec-capteur/#primaryimage","url":"https://flebi.com/wp-content/uploads/2024/07/s-l200-1.jpg","contentUrl":"https://flebi.com/wp-content/uploads/2024/07/s-l200-1.jpg","width":200,"height":200},{"@type":"BreadcrumbList","@id":"https://flebi.com/fr/producto/leviers-de-frein-avec-capteur/#breadcrumb","itemListElement":[{"@type":"ListItem","position":1,"name":"Portada","item":"https://flebi.com/fr/inicio/"},{"@type":"ListItem","position":2,"name":"Boutique","item":"https://flebi.com/fr/boutique/"},{"@type":"ListItem","position":3,"name":"Leviers de frein avec capteur"}]},{"@type":"WebSite","@id":"https://flebi.com/fr/#website","url":"https://flebi.com/fr/","name":"Flebi","description":"Bicicletas eléctricas plegables y ligeras","potentialAction":[{"@type":"SearchAction","target":{"@type":"EntryPoint","urlTemplate":"https://flebi.com/fr/?s={search_term_string}"},"query-input":{"@type":"PropertyValueSpecification","valueRequired":true,"valueName":"search_term_string"}}],"inLanguage":"fr-FR"}]}</script>
<!-- / Yoast SEO plugin. -->

Leviers de frein avec capteur - vélos électriques | Flebi

Leviers de frein V-brake pour Supra Eco/Supra 3.0 Lite avec capteur d&rsquo;arrêt moteur, connexion à 2 broches, longueur approximative du câble 90 cm

Bicicletas eléctricas plegables y ligeras
